 + 1. Let j(s) = k(s) - 3*x(s). Is 22 a factor of j(-2)?
False
Let n(g) = -g - 7. Let y be n(-5). Let b(l) = -l. Let u be b(y). Suppose -16 = -a - u. Is 7 a factor of a?
True
Let j(l) = -2*l**2 + 9*l - 3. Let b(u) = -6*u**2 + 26*u - 9. Let s(n) = -6*b(n) + 17*j(n). Suppose 5*o = 25, 0 = 5*w + 3*o + 2*o - 10. Is s(w) a multiple of 8?
False
Suppose -3*q = -6*q - 5*b - 49, -76 = 4*q - 4*b. Let m = 69 - 101. Let o = q - m. Is 14 a factor of o?
True
Let x(c) = -c - 6. Let s be x(-6). Let b(o) = -o - 6*o**3 - 1 - 2 + s + 2. Does 3 divide b(-1)?
True
Suppose -n + 5*a = 4*n - 45, -2*n - 5*a - 17 = 0. Let q be (-14)/(-8) - 5/(-20). Suppose 0 = -3*l - q*z + 33, -n*l + z = 5*z - 44. Does 11 divide l?
True
Suppose 0 = -s + 17 - 5. Suppose 16*g = s*g + 76. Does 17 divide g?
False
Let u be (30/12)/((-2)/12). Is (-5)/(u/(-4))*-3 a multiple of 3?
False
Let a(j) = 1 + j + 8 - 3*j. Is a(-7) a multiple of 7?
False
Let v(l) be the second derivative of 4*l - 1/2*l**2 + 0 + 5/2*l**3. Does 17 divide v(3)?
False
Let i(j) = 13*j - 2. Is i(2) a multiple of 18?
False
Let q(m) be the third derivative of m**5/60 - m**4/6 - 5*m**3/6 + m**2. Let j be q(5). Suppose -w + j*w + 2 = 0. Is w even?
True
Suppose 8*b - 879 = -119. Is b a multiple of 19?
True
Let w = -91 - -214. Is w/3 + -2 - -3 a multiple of 20?
False
Suppose 0 = 5*t - 2*o + 151, 0*t - 14 = t + 5*o. Let q = -24 - t. Is q a multiple of 3?
False
Let b(z) be the second derivative of 19*z**3/3 - 2*z**2 - z. Is 16 a factor of b(2)?
False
Let c = -57 - -66. Does 6 divide c?
False
Suppose -3*y - 4 = -w, 4*w + 4*y - 20 = -4. Suppose -w*g + 171 + 93 = 0. Let x = g + -39. Does 10 divide x?
False
Let q = -5 + 10. Let w = 15 - 11. Suppose w*u + q*z + 30 = 9*u, u - 16 = -4*z. Is u a multiple of 6?
False
Let s be 2/4 + 2/4. Let f(k) be the second derivative of 4*k**4/3 + k**3/6 - k**2/2 + k. Is 8 a factor of f(s)?
True
Let k = 24 + -10. Is k a multiple of 14?
True
Suppose 3*n + n = 0. Let v be (n - 0)/(-1*2). Is 10 + (v + 2 - 5) a multiple of 3?
False
Let c = -7 - -13. Is 8 a factor of ((-124)/(-6))/(4/c)?
False
Suppose 2*q = 3*m + 2, 2*q + 0*m - 2*m = 0. Let v(u) = -u**3 + 3*u**2 - 2. Is 18 a factor of v(q)?
True
Let x(g) = -5*g - 8. Suppose -c - 1 = -5*a - 30, 0 = 3*c + 3. Does 11 divide x(a)?
True
Suppose 2218 = 5*c + 3*a + 236, 2*c = -2*a + 792. Does 12 divide c?
False
Let t(k) be the third derivative of k**6/120 + 3*k**5/20 - 5*k**4/24 - 2*k**3 - 2*k**2. Is t(-9) a multiple of 14?
False
Suppose 2*j = -3*j + 4*r + 525, 0 = j + 5*r - 76. Is 29 a factor of j?
False
Suppose 3*y - l = 20, -5*l + 8 = 3*y - 0*l. Does 22 divide 4/(-8) + 267/y?
True
Let w(r) = -4*r - 2. Let v be w(-1). Is 35 a factor of v - (-3 - -109)*-1?
False
Suppose 8 - 74 = 2*u - 2*g, 0 = 4*g. Is 13 a factor of ((-11)/(u/(-234)))/(-2)?
True
Suppose -5*c = -10 - 5. Suppose -17 = w - 4*a, 91 = -c*w + 4*a + 8. Let g = 47 + w. Is 7 a factor of g?
True
Let g(b) = b**2 - 7*b - 9. Let v be g(8). Let l be (v/3)/(3/(-45)). Suppose 21 = 3*q + 4*h, -l*q + q + 5*h + 59 = 0. Is 3 a factor of q?
False
Suppose -4*g + 3 + 3 = 2*b, -g - 16 = -3*b. Let m be 3/(-3) + (0 - -5). Suppose 0*n + b*n = -m*p + 112, -2*p = -3*n - 56. Is p a multiple of 14?
True
Suppose -426 = -19*y + 334. Is 28 a factor of y?
False
Let x be (3 - 58 - -1) + -4. Let v = -20 - x. Is v a multiple of 36?
False
Suppose -3*l - 2*l = -235. Does 27 divide l?
False
Let n(h) = h - 4. Let l be n(4). Suppose q - 4*q = -6. Is 8 - l/(-1*q) a multiple of 8?
True
Let s(w) = 1 + 4*w - w**2 + 0*w + 4*w. Is 13 a factor of s(6)?
True
Let h(d) = d**2 - 3*d + 3. Is h(3) a multiple of 3?
True
Let r = 16 - -14. Does 6 divide r?
True
Suppose -2*h + 0 = -8. Suppose u = h*u - 24. Is u a multiple of 5?
False
Let l = 5 - -7. Suppose -c - 4 = -l. Is 8 a factor of c?
True
Let h(r) be the second derivative of r**4/12 + 4*r**3/3 - 5*r**2/2 - r. Is h(-9) even?
True
Let z be 2/5 - 39/(-15). Suppose -2*m - 2*s + 78 = 0, -2*m + 53 = -0*m - z*s. Is 17 a factor of m?
True
Suppose 0 = 4*i - 2 - 6, 3*i + 319 = 5*s. Is s a multiple of 24?
False
Let a = 44 + 52. Is a a multiple of 16?
True
Let w(q) = -1 - q**2 + 0*q + 5 + 7*q. Does 4 divide w(7)?
True
Suppose r - 1 - 2 = 0, -2*a - 4*r = -80. Is a a multiple of 17?
True
Let f(r) = -r**3 - 23*r**2 - 2*r + 31. Is f(-23) a multiple of 20?
False
Suppose -5*o = -4*o + 24. Let v be (2/(-4))/(2/o). Does 15 divide v/(-9) + (-393)/(-9)?
False
Let k(b) = b**3 - 3*b**2 - 5*b + 5. Let l be k(4). Does 19 divide 1/(-1) + 39/l?
True
Let m(u) be the first derivative of -5*u**4 - u**3/3 + u**2/2 + u - 5. Is m(-1) a multiple of 19?
True
Let i(p) = -3*p + 22. Is i(-10) a multiple of 13?
True
Let m be (28/10)/((-3)/15). Let d = -6 - m. Is 6 a factor of d?
False
Suppose -3*y + 14 = -4*n - y, 5*n = 4*y - 13. Let s(x) = -8*x. Is s(n) a multiple of 16?
False
Let p = -265 + 396. Does 6 divide p?
False
Let f(s) be the second derivative of 7*s**3/2 - s. Let t(g) = g + 1. Let x(w) = f(w) - t(w). Is x(2) a multiple of 23?
False
Let v be (2/(-6))/(3/9). Is v*(-1 + 2) - -23 a multiple of 10?
False
Suppose -105 = -a + k - 0*k, 3*k - 427 = -4*a. Does 21 divide a?
False
Let x(h) = h**3 - 7*h**2 - 11*h - 6. Let c be x(9). Let o = c - 27. Is o a multiple of 15?
True
Let j = 666 - 271. Suppose 0 = -4*s - s + j. Is 24 a factor of s?
False
Let v(s) = s**3 + 18*s**2 - 45*s + 11. Does 5 divide v(-20)?
False
Suppose b - 3*q = 17, 5*b + 0*q = -3*q - 5. Suppose -2*x + 17 + 13 = 0. Suppose -x = -p - b*p. Does 4 divide p?
False
Suppose 10*i + 32 = 6*i. Let u(x) = -x**3 - 8*x**2 - 5*x + 1. Does 8 divide u(i)?
False
Let p = 2 + 1. Suppose -p*m - 365 = -8*m. Is 26 a factor of m?
False
Suppose -6*a - 113 = -707. Let u = a - 57. Does 9 divide u?
False
Let s = 5 + 1. Let q = s - 0. Is q a multiple of 2?
True
Let h(i) = -6*i + 3*i + 6*i. Does 4 divide h(4)?
True
Let t(f) = f**2 + 8*f + 4. Let h = -16 - -6. Is 8 a factor of t(h)?
True
Let d(x) = x**2 - 5*x - 4. Let p be d(6). Suppose -2*s - p*s = -288. Is s a multiple of 24?
True
Let g(x) = 3*x - 7 - 2*x + 6*x + 0. Does 8 divide g(5)?
False
Let o(m) = 0*m - 3*m**2 - 2*m**3 + 2*m + m**3 - 4. Is o(-5) a multiple of 12?
True
Let t(g) = -g - 4*g + 6*g - 2. Let r be t(-4). Let p = r + 13. Does 4 divide p?
False
Let h be 1 + -1*(3 + -10). Suppose -7*u + h*u - 22 = 0. Is 11 a factor of u?
True
Let o(v) be the third derivative of v**4/12 - v**3/6 - 3*v**2. Is o(3) a multiple of 2?
False
Suppose -3*w - 2*a = -88 + 9, -3*w + 54 = -3*a. Suppose 104 = 4*o + 2*z, -w = 5*o + z - 156. Is 9 a factor of o?
True
Let g(d) = 4*d + 3. Let r be g(-2). Is 13 a factor of 12 - 0 - r/5?
True
Let s be ((0 - 0)/(-3))/(-1). Suppose 0 = -s*p - 3*p - 5*v - 6, -4*v = -p + 15. Suppose 0 = t - p*t + 58. Is t a multiple of 12?
False
Let m(r) = 14*r - 24. Is m(12) a multiple of 24?
True
Suppose -b - 156 = -2*y - 13, -5*b = -5*y + 365. Suppose -4*q + q = 3*j - 93, 2*q + y = 2*j. Does 7 divide j?
False
Is (-1)/(-2)*(123 + -5) a multiple of 30?
False
Suppose 4*q + 5*k = 18, -q = -3*q + 3*k + 20. Is q a multiple of 2?
False
Let a(r) be the third derivative of -5/12*r**4 + 0 - 1/10*r**5 + 2*r**2 - 2/3*r**3 + 1/120*r**6 + 0*r. Is 15 a factor of a(8)?
False
Suppose i - 28 = -4*p, 102 - 20 = 4*i + p. Suppose 4*t + t - i = 0. Is t a multiple of 4?
True
Let j(y) be the second derivative of -2*y - 1/3*y**3 - 3*y**2 + 0. Is j(-6) a multiple of 6?
True
Let q(w) = -6*w - 1. Suppose -k - 2*k = -3. Let i be 2 - (k - (-3 - -1)). Is 5 a factor of q(i)?
True
Let o = -20 - 2. Let y = o + 89. Is y a multiple of 32?
False
Let d be -3 - -1 - (0 + 242). Let h be (-3)/(-9) - d/6. Suppose -h + 13 = -2*o + 4*t, -t + 23 = 2*o. Does 7 divide o?
False
Suppose p = -3*u + 6, -3*p + 5*u + 0 = 10. Let s = p + 3. Suppose s*z + 36 = 3*x, x - 2*x + 2*z = -12. Is x a multiple of 7?
False
Suppose 0 = -g + 4 - 2. Suppose j = g*j - 12. Is 5 a factor of j?
False
Suppose 2*u = -2*u - 3*r + 276, 0 = -u - r + 70. Does 5 divide u?
False
Let b(q) be the first derivative of -q**3/3 + q**2/2 + 32*q - 3. Does 16 divide b(0)?
True
Let k be 2 + (1 - (-2)/1). Suppose -c + k*c = 40. Suppose 2*l - 26 = -0*f - 2*f, 2*f - c = 0. Is 4 a factor of l?
True
Let v(q) = -33*q - 5. Let j be v(-2). Let f = j - -16. Is f a multiple of 20?
False
Let w(i) = 3*i**3 - 4*i**2 - 2. Is 42 a factor of w(